{"id":20821,"date":"2024-09-09T11:20:00","date_gmt":"2024-09-09T09:20:00","guid":{"rendered":"https:\/\/www.ourforte.eu\/forte-again-receives-the-data-protection-seal-for-2024\/"},"modified":"2024-09-09T11:20:00","modified_gmt":"2024-09-09T09:20:00","slug":"forte-again-receives-the-data-protection-seal-for-2024","status":"publish","type":"page","link":"https:\/\/www.ourforte.eu\/en\/forte-again-receives-the-data-protection-seal-for-2024\/","title":{"rendered":"FORT\u00c9 again receives the data protection seal for 2024"},"content":{"rendered":"<p><img decoding=\"async\" class=\"alignnone wp-image-17307 size-full lazyload\" data-src=\"https:\/\/www.ourforte.eu\/wp-content\/uploads\/2024\/09\/Datenschutz-auch-fuer-Medientechnik-und-Konferenzraeume-bei-GMS-in-Frankfurt.jpg\" alt=\"Data protection also for media technology and conference rooms at GMS in Frankfurt\" width=\"869\" height=\"679\" data-srcset=\"https:\/\/www.ourforte.eu\/wp-content\/uploads\/2024\/09\/Datenschutz-auch-fuer-Medientechnik-und-Konferenzraeume-bei-GMS-in-Frankfurt.jpg 869w, https:\/\/www.ourforte.eu\/wp-content\/uploads\/2024\/09\/Datenschutz-auch-fuer-Medientechnik-und-Konferenzraeume-bei-GMS-in-Frankfurt-300x234.jpg 300w, https:\/\/www.ourforte.eu\/wp-content\/uploads\/2024\/09\/Datenschutz-auch-fuer-Medientechnik-und-Konferenzraeume-bei-GMS-in-Frankfurt-768x600.jpg 768w\" data-sizes=\"(max-width: 869px) 100vw, 869px\" src=\"data:image\/svg+xml;base64,PHN2ZyB3aWR0aD0iMSIgaGVpZ2h0PSIxIiB4bWxucz0iaHR0cDovL3d3dy53My5vcmcvMjAwMC9zdmciPjwvc3ZnPg==\" style=\"--smush-placeholder-width: 869px; --smush-placeholder-aspect-ratio: 869\/679;\" \/><\/p>\n<p>&nbsp;<\/p>\n<p>So often in the<a href=\"https:\/\/www.tagesschau.de\/inland\/regional\/rheinlandpfalz\/swr-die-besten-pannen-von-nicht-jugendfreien-vr-brillen-bis-zu-ungewuenschten-doppelkopf-kursen-100.html\"> news we hear reports of mishaps<\/a> and problems relating to data protection. FORT\u00c9 is pleased to announce that the company has again received the prestigious data protection seal in 2024 after successfully completing a comprehensive audit. This seal of approval once again confirms our commitment to the highest data protection standards and the responsible handling of sensitive data.  <\/p>\n<h2>Importance of data protection at FORT\u00c9<\/h2>\n<p>Data protection is more than just a legal obligation. At FORT\u00c9, we attach great importance to strengthening the trust of our customers and business partners. Ensuring a high standard of data protection not only protects against potential fines, but also offers a decisive competitive advantage. Our customers know that their data is safe with us &#8211; a key factor that can influence their choice of media technology service provider.   <\/p>\n<p>Our <a href=\"https:\/\/www.ourforte.eu\/en\/about-us\/\">legal and compliance expert, Christine Zentgraf<\/a>, commented after the successful audit, &#8220;In August, we had our data protection audit again by our external data protection officer. I really appreciate the fact that we are audited by a neutral external body. No eye is turned and nothing is postponed (&#8220;I don&#8217;t have time right now &#8230;, I&#8217;ll do it next month &#8230;, of course!&#8221;). Above all, however, we can rely on specialists and know that even the latest requirements are always taken into account. Against this backdrop, we are delighted to have received an &#8220;excellent&#8221; on the audit score at the first attempt and can tackle new challenges with confidence.&#8221; Our collaboration with datenschutzexperte.de, a team of experienced lawyers and certified data protection officers, underpins our commitment to data protection compliance. This partnership helps us to implement the requirements of the GDPR in the long term and always stay up to date.<\/p>\n<h2>Trust through the data protection seal<\/h2>\n<p>The datenschutzexperte.de data protection seal is a symbol of trust for our customers. It shows that we take data protection requirements seriously and work with experts to overcome these challenges. The seal supports potential customers in their decision to use our products and services and strengthens our position as a trustworthy partner.  <\/p>\n<p>We at FORT\u00c9 are proud to carry this seal of approval. It not only reflects our commitment to data protection, but also underlines our position as an <a href=\"https:\/\/www.ourforte.eu\/en\/our-solutions\/media-technology\/\">innovative company in the world of media technology<\/a> that is committed to the highest standards. <\/p>\n<p>&nbsp;<\/p>\n<h4>Contact us today! \ud83d\udc47<\/h4>\n<p><strong><span class=\"TextRun SCXW123893976 BCX0\" lang=\"DE-DE\" xml:lang=\"DE-DE\" data-contrast=\"none\"><span class=\"NormalTextRun SCXW123893976 BCX0\">Are you also interested in <a href=\"https:\/\/www.ourforte.eu\/en\/our-solutions\/media-technology\/\">modern working environments<\/a> and what the <a href=\"https:\/\/www.ourforte.eu\/en\/our-solutions\/smart-building\/\">future of work<\/a> will look like? We at FORT\u00c9 will be happy to help you with your project. Get in touch with us right away:  <\/span><\/span><span class=\"EOP SCXW123893976 BCX0\" data-ccp-props=\"{\"201341983\":0,\"335559739\":150,\"335559740\":240}\"> <\/span><\/strong><\/p>\n<p><!-- [if lte IE 8]>\n<script charset=\"utf-8\" type=\"text\/javascript\" src=\"\/\/js.hsforms.net\/forms\/v2-legacy.js\"><\/script>\n<![endif]--> <script charset=\"utf-8\" type=\"text\/javascript\" src=\"\/\/js.hsforms.net\/forms\/v2.js\"><\/script> <script>\n  hbspt.forms.create({\n    portalId: \"3274381\",\n    formId: \"96aa7c5b-7dfe-4d32-99c6-ab41c58b6337\"\n});\n<\/script><\/p>\n<p>&nbsp;<\/p>\n","protected":false},"excerpt":{"rendered":"<p>&nbsp; So often in the news we hear reports of mishaps and problems relating to data protection. FORT\u00c9 is pleased to announce that the company has again received the prestigious data protection seal in 2024 after successfully completing a comprehensive audit. This seal of approval once again confirms our commitment to the highest data protection [&hellip;]<\/p>\n","protected":false},"author":8,"featured_media":0,"parent":0,"menu_order":0,"comment_status":"closed","ping_status":"closed","template":"","meta":{"_acf_changed":false,"content-type":"","footnotes":""},"class_list":["post-20821","page","type-page","status-publish","hentry"],"acf":[],"yoast_head":"<!-- This site is optimized with the Yoast SEO plugin v27.4 - https:\/\/yoast.com\/product\/yoast-seo-wordpress\/ -->\n<title>FORT\u00c9 again receives the data protection seal for 2024 - FORT\u00c9 Germany GmbH<\/title>\n<meta name=\"description\" content=\"Data protection is more than just a legal obligation. At FORT\u00c9, we attach great importance to maintaining the trust of our customers and...\" \/>\n<meta name=\"robots\" content=\"index, follow, max-snippet:-1, max-image-preview:large, max-video-preview:-1\" \/>\n<link rel=\"canonical\" href=\"https:\/\/www.ourforte.eu\/en\/forte-again-receives-the-data-protection-seal-for-2024\/\" \/>\n<meta property=\"og:locale\" content=\"en_US\" \/>\n<meta property=\"og:type\" content=\"article\" \/>\n<meta property=\"og:title\" content=\"FORT\u00c9 again receives the data protection seal for 2024\" \/>\n<meta property=\"og:description\" content=\"Data protection is more than just a legal obligation. At FORT\u00c9, we attach great importance to maintaining the trust of our customers and...\" \/>\n<meta property=\"og:url\" content=\"https:\/\/www.ourforte.eu\/en\/forte-again-receives-the-data-protection-seal-for-2024\/\" \/>\n<meta property=\"og:site_name\" content=\"FORT\u00c9 Germany GmbH\" \/>\n<meta property=\"og:image\" content=\"https:\/\/www.gms-mediaservices.de\/wp-content\/uploads\/2022\/02\/CommerzReal-AG-Wiesbaden-GMS-Header-1024x546.jpg\" \/>\n<meta name=\"twitter:card\" content=\"summary_large_image\" \/>\n<meta name=\"twitter:title\" content=\"FORT\u00c9 again receives the data protection seal for 2024\" \/>\n<meta name=\"twitter:image\" content=\"https:\/\/www.gms-mediaservices.de\/wp-content\/uploads\/2022\/02\/CommerzReal-AG-Wiesbaden-GMS-Header-1024x546.jpg\" \/>\n<meta name=\"twitter:label1\" content=\"Est. reading time\" \/>\n\t<meta name=\"twitter:data1\" content=\"2 minutes\" \/>\n<!-- \/ Yoast SEO plugin. -->","yoast_head_json":{"title":"FORT\u00c9 again receives the data protection seal for 2024 - FORT\u00c9 Germany GmbH","description":"Data protection is more than just a legal obligation. At FORT\u00c9, we attach great importance to maintaining the trust of our customers and...","robots":{"index":"index","follow":"follow","max-snippet":"max-snippet:-1","max-image-preview":"max-image-preview:large","max-video-preview":"max-video-preview:-1"},"canonical":"https:\/\/www.ourforte.eu\/en\/forte-again-receives-the-data-protection-seal-for-2024\/","og_locale":"en_US","og_type":"article","og_title":"FORT\u00c9 again receives the data protection seal for 2024","og_description":"Data protection is more than just a legal obligation. At FORT\u00c9, we attach great importance to maintaining the trust of our customers and...","og_url":"https:\/\/www.ourforte.eu\/en\/forte-again-receives-the-data-protection-seal-for-2024\/","og_site_name":"FORT\u00c9 Germany GmbH","og_image":[{"url":"https:\/\/www.gms-mediaservices.de\/wp-content\/uploads\/2022\/02\/CommerzReal-AG-Wiesbaden-GMS-Header-1024x546.jpg","type":"","width":"","height":""}],"twitter_card":"summary_large_image","twitter_title":"FORT\u00c9 again receives the data protection seal for 2024","twitter_image":"https:\/\/www.gms-mediaservices.de\/wp-content\/uploads\/2022\/02\/CommerzReal-AG-Wiesbaden-GMS-Header-1024x546.jpg","twitter_misc":{"Est. reading time":"2 minutes"},"schema":{"@context":"https:\/\/schema.org","@graph":[{"@type":"WebPage","@id":"https:\/\/www.ourforte.eu\/en\/forte-again-receives-the-data-protection-seal-for-2024\/","url":"https:\/\/www.ourforte.eu\/en\/forte-again-receives-the-data-protection-seal-for-2024\/","name":"FORT\u00c9 again receives the data protection seal for 2024 - FORT\u00c9 Germany GmbH","isPartOf":{"@id":"https:\/\/www.ourforte.eu\/en\/#website"},"primaryImageOfPage":{"@id":"https:\/\/www.ourforte.eu\/en\/forte-again-receives-the-data-protection-seal-for-2024\/#primaryimage"},"image":{"@id":"https:\/\/www.ourforte.eu\/en\/forte-again-receives-the-data-protection-seal-for-2024\/#primaryimage"},"thumbnailUrl":"https:\/\/www.ourforte.eu\/wp-content\/uploads\/2024\/09\/Datenschutz-auch-fuer-Medientechnik-und-Konferenzraeume-bei-GMS-in-Frankfurt.jpg","datePublished":"2024-09-09T09:20:00+00:00","description":"Data protection is more than just a legal obligation. At FORT\u00c9, we attach great importance to maintaining the trust of our customers and...","breadcrumb":{"@id":"https:\/\/www.ourforte.eu\/en\/forte-again-receives-the-data-protection-seal-for-2024\/#breadcrumb"},"inLanguage":"en-US","potentialAction":[{"@type":"ReadAction","target":["https:\/\/www.ourforte.eu\/en\/forte-again-receives-the-data-protection-seal-for-2024\/"]}]},{"@type":"ImageObject","inLanguage":"en-US","@id":"https:\/\/www.ourforte.eu\/en\/forte-again-receives-the-data-protection-seal-for-2024\/#primaryimage","url":"https:\/\/www.ourforte.eu\/wp-content\/uploads\/2024\/09\/Datenschutz-auch-fuer-Medientechnik-und-Konferenzraeume-bei-GMS-in-Frankfurt.jpg","contentUrl":"https:\/\/www.ourforte.eu\/wp-content\/uploads\/2024\/09\/Datenschutz-auch-fuer-Medientechnik-und-Konferenzraeume-bei-GMS-in-Frankfurt.jpg"},{"@type":"BreadcrumbList","@id":"https:\/\/www.ourforte.eu\/en\/forte-again-receives-the-data-protection-seal-for-2024\/#breadcrumb","itemListElement":[{"@type":"ListItem","position":1,"name":"Startseite","item":"https:\/\/www.ourforte.eu\/en\/forte-your-smart-building-and-media-technology-expert-in-frankfurt\/"},{"@type":"ListItem","position":2,"name":"FORT\u00c9 again receives the data protection seal for 2024"}]},{"@type":"WebSite","@id":"https:\/\/www.ourforte.eu\/en\/#website","url":"https:\/\/www.ourforte.eu\/en\/","name":"FORT\u00c9 Germany GmbH","description":"Transforming the modern Workplace","potentialAction":[{"@type":"SearchAction","target":{"@type":"EntryPoint","urlTemplate":"https:\/\/www.ourforte.eu\/en\/?s={search_term_string}"},"query-input":{"@type":"PropertyValueSpecification","valueRequired":true,"valueName":"search_term_string"}}],"inLanguage":"en-US"}]}},"_links":{"self":[{"href":"https:\/\/www.ourforte.eu\/en\/wp-json\/wp\/v2\/pages\/20821","targetHints":{"allow":["GET"]}}],"collection":[{"href":"https:\/\/www.ourforte.eu\/en\/wp-json\/wp\/v2\/pages"}],"about":[{"href":"https:\/\/www.ourforte.eu\/en\/wp-json\/wp\/v2\/types\/page"}],"author":[{"embeddable":true,"href":"https:\/\/www.ourforte.eu\/en\/wp-json\/wp\/v2\/users\/8"}],"replies":[{"embeddable":true,"href":"https:\/\/www.ourforte.eu\/en\/wp-json\/wp\/v2\/comments?post=20821"}],"version-history":[{"count":0,"href":"https:\/\/www.ourforte.eu\/en\/wp-json\/wp\/v2\/pages\/20821\/revisions"}],"wp:attachment":[{"href":"https:\/\/www.ourforte.eu\/en\/wp-json\/wp\/v2\/media?parent=20821"}],"curies":[{"name":"wp","href":"https:\/\/api.w.org\/{rel}","templated":true}]}}

FORTÉ again receives the data protection seal for 2024

<p><img decoding="async" class="alignnone wp-image-17307 size-full lazyload" data-src="https://www.ourforte.eu/wp-content/uploads/2024/09/Datenschutz-auch-fuer-Medientechnik-und-Konferenzraeume-bei-GMS-in-Frankfurt.jpg" alt="Data protection also for media technology and conference rooms at GMS in Frankfurt" width="869" height="679" data-srcset="https://www.ourforte.eu/wp-content/uploads/2024/09/Datenschutz-auch-fuer-Medientechnik-und-Konferenzraeume-bei-GMS-in-Frankfurt.jpg 869w, https://www.ourforte.eu/wp-content/uploads/2024/09/Datenschutz-auch-fuer-Medientechnik-und-Konferenzraeume-bei-GMS-in-Frankfurt-300x234.jpg 300w, https://www.ourforte.eu/wp-content/uploads/2024/09/Datenschutz-auch-fuer-Medientechnik-und-Konferenzraeume-bei-GMS-in-Frankfurt-768x600.jpg 768w" data-sizes="(max-width: 869px) 100vw, 869px" src="data:image/svg+xml;base64,PHN2ZyB3aWR0aD0iMSIgaGVpZ2h0PSIxIiB4bWxucz0iaHR0cDovL3d3dy53My5vcmcvMjAwMC9zdmciPjwvc3ZnPg==" style="--smush-placeholder-width: 869px; --smush-placeholder-aspect-ratio: 869/679;" /></p>
<p>&nbsp;</p>
<p>So often in the<a href="https://www.tagesschau.de/inland/regional/rheinlandpfalz/swr-die-besten-pannen-von-nicht-jugendfreien-vr-brillen-bis-zu-ungewuenschten-doppelkopf-kursen-100.html"> news we hear reports of mishaps</a> and problems relating to data protection. FORTÉ is pleased to announce that the company has again received the prestigious data protection seal in 2024 after successfully completing a comprehensive audit. This seal of approval once again confirms our commitment to the highest data protection standards and the responsible handling of sensitive data.  </p>
<h2>Importance of data protection at FORTÉ</h2>
<p>Data protection is more than just a legal obligation. At FORTÉ, we attach great importance to strengthening the trust of our customers and business partners. Ensuring a high standard of data protection not only protects against potential fines, but also offers a decisive competitive advantage. Our customers know that their data is safe with us &#8211; a key factor that can influence their choice of media technology service provider.   </p>
<p>Our <a href="https://www.ourforte.eu/en/about-us/">legal and compliance expert, Christine Zentgraf</a>, commented after the successful audit, &#8220;In August, we had our data protection audit again by our external data protection officer. I really appreciate the fact that we are audited by a neutral external body. No eye is turned and nothing is postponed (&#8220;I don&#8217;t have time right now &#8230;, I&#8217;ll do it next month &#8230;, of course!&#8221;). Above all, however, we can rely on specialists and know that even the latest requirements are always taken into account. Against this backdrop, we are delighted to have received an &#8220;excellent&#8221; on the audit score at the first attempt and can tackle new challenges with confidence.&#8221; Our collaboration with datenschutzexperte.de, a team of experienced lawyers and certified data protection officers, underpins our commitment to data protection compliance. This partnership helps us to implement the requirements of the GDPR in the long term and always stay up to date.</p>
<h2>Trust through the data protection seal</h2>
<p>The datenschutzexperte.de data protection seal is a symbol of trust for our customers. It shows that we take data protection requirements seriously and work with experts to overcome these challenges. The seal supports potential customers in their decision to use our products and services and strengthens our position as a trustworthy partner.  </p>
<p>We at FORTÉ are proud to carry this seal of approval. It not only reflects our commitment to data protection, but also underlines our position as an <a href="https://www.ourforte.eu/en/our-solutions/media-technology/">innovative company in the world of media technology</a> that is committed to the highest standards. </p>
<p>&nbsp;</p>
<h4>Contact us today! 👇</h4>
<p><strong><span class="TextRun SCXW123893976 BCX0" lang="DE-DE" xml:lang="DE-DE" data-contrast="none"><span class="NormalTextRun SCXW123893976 BCX0">Are you also interested in <a href="https://www.ourforte.eu/en/our-solutions/media-technology/">modern working environments</a> and what the <a href="https://www.ourforte.eu/en/our-solutions/smart-building/">future of work</a> will look like? We at FORTÉ will be happy to help you with your project. Get in touch with us right away:  </span></span><span class="EOP SCXW123893976 BCX0" data-ccp-props="{"201341983":0,"335559739":150,"335559740":240}"> </span></strong></p>
<p><!-- [if lte IE 8]>
<script charset="utf-8" type="text/javascript" src="//js.hsforms.net/forms/v2-legacy.js"></script>
<![endif]--> <script charset="utf-8" type="text/javascript" src="//js.hsforms.net/forms/v2.js"></script> <script>
  hbspt.forms.create({
    portalId: "3274381",
    formId: "96aa7c5b-7dfe-4d32-99c6-ab41c58b6337"
});
</script></p>
<p>&nbsp;</p>

<p>&nbsp; So often in the news we hear reports of mishaps and problems relating to data protection. FORTÉ is pleased to announce that the company has again received the prestigious data protection seal in 2024 after successfully completing a comprehensive audit. This seal of approval once again confirms our commitment to the highest data protection [&hellip;]</p>

<!-- This site is optimized with the Yoast SEO plugin v27.4 - https://yoast.com/product/yoast-seo-wordpress/ -->
<title>FORTÉ again receives the data protection seal for 2024 - FORTÉ Germany GmbH</title>
<meta name="description" content="Data protection is more than just a legal obligation. At FORTÉ, we attach great importance to maintaining the trust of our customers and..." />
<meta name="robots" content="index, follow, max-snippet:-1, max-image-preview:large, max-video-preview:-1" />
<link rel="canonical" href="https://www.ourforte.eu/en/forte-again-receives-the-data-protection-seal-for-2024/" />
<meta property="og:locale" content="en_US" />
<meta property="og:type" content="article" />
<meta property="og:title" content="FORTÉ again receives the data protection seal for 2024" />
<meta property="og:description" content="Data protection is more than just a legal obligation. At FORTÉ, we attach great importance to maintaining the trust of our customers and..." />
<meta property="og:url" content="https://www.ourforte.eu/en/forte-again-receives-the-data-protection-seal-for-2024/" />
<meta property="og:site_name" content="FORTÉ Germany GmbH" />
<meta property="og:image" content="https://www.gms-mediaservices.de/wp-content/uploads/2022/02/CommerzReal-AG-Wiesbaden-GMS-Header-1024x546.jpg" />
<meta name="twitter:card" content="summary_large_image" />
<meta name="twitter:title" content="FORTÉ again receives the data protection seal for 2024" />
<meta name="twitter:image" content="https://www.gms-mediaservices.de/wp-content/uploads/2022/02/CommerzReal-AG-Wiesbaden-GMS-Header-1024x546.jpg" />
<meta name="twitter:label1" content="Est. reading time" />
	<meta name="twitter:data1" content="2 minutes" />
<!-- / Yoast SEO plugin. -->

FORTÉ again receives the data protection seal for 2024 - FORTÉ Germany GmbH

Data protection is more than just a legal obligation. At FORTÉ, we attach great importance to maintaining the trust of our customers and...

FORTÉ Germany GmbH
